 -2*w = 2*w - v + 21. Let z = w + 8. Suppose -z*g + 0*g - s = -30, 5*g - 50 = s. What is the remainder when 19 is divided by g?
9
Let a = 429 - 393. What is the remainder when 69 is divided by a?
33
Let f = 30 - 30. Suppose f = 2*r - r - 6. What is the remainder when 29 is divided by r?
5
Let r = 12 + -13. Let v be r*13 - (-2 + 0). Let b = v - -22. What is the remainder when b is divided by 3?
2
Let q(c) = -c**3 - 4*c**2 + 4*c + 9. Calculate the remainder when q(-6) is divided by 20 + -1 + (-412)/103.
12
Let b = 29 + -20. Calculate the remainder when 114 is divided by b.
6
Let r(l) = -l + 16. Let i be r(-8). Suppose 2*y - i + 4 = 0. Suppose -o = -7 - y. What is the remainder when o is divided by 7?
3
Suppose 4*o + 3*i = 73, -3 = 4*i + 1. Let b(d) = d**3 - 19*d**2 + 2*d - 13. Let j(g) = -7*g. What is the remainder when j(-7) is divided by b(o)?
24
Let c = 13 - 13. Suppose c = 2*a - 3*a + 4*m + 15, -5*a - 3*m = -6. Suppose 96 = a*t + 4*q + q, -3*t + 4*q = -96. What is the remainder when t is divided by 11?
10
Calculate the remainder when 360 is divided by 128 + (-13 - -3) + 6.
112
Let w(h) = -9*h + 4. Let p be w(4). Let a(v) = 11*v**2 + v + 1. Calculate the remainder when (p/(-6)*-12)/(-2) is divided by a(-1).
10
Let k be (-1 + -5)/(12/12). Calculate the remainder when (12 + k)*18/4 is divided by 14.
13
What is the remainder when (4 - 38/8) + 262/8 is divided by 20?
12
Suppose -2*q = -6*q + 8. Suppose 3*b = -3*f + 74 + 16, -q*f + 46 = -5*b. Let r = -507 - -517. Calculate the remainder when f is divided by r.
8
Suppose -4*p = 4*j - 20, -4*p + 2*j = -62 + 60. What is the remainder when 212 is divided by p?
0
Suppose 2*p + 2 = 0, p + 4 + 9 = -c. Let l = 27 + c. What is the remainder when 119 is divided by l?
14
Let o(l) = -22*l. Let u be (-16)/24 - (-2)/(-6). Suppose a - 18 = -6. What is the remainder when o(u) is divided by a?
10
Let y = 329 - 308. What is the remainder when 29 is divided by y?
8
Suppose 0 = -39*f + 64*f - 2725. Calculate the remainder when f is divided by 22.
21
Suppose 78 = -i + 94. What is the remainder when 414 is divided by i?
14
Suppose 364 = 2*y + 5*y. Let o = y + -30. Suppose o = -u + 3*u. What is the remainder when 42 is divided by u?
9
Suppose -2*c = -6 - 2. Suppose -c*l + 162 = 2*l. What is the remainder when l is divided by 14?
13
Let q = 1723 + -1693. What is the remainder when 85 is divided by q?
25
Let x(q) = -q**2 + 10*q - 11. Let u be x(9). Let p(r) be the third derivative of -r**4/8 - r**3/2 - r**2. What is the remainder when p(u) is divided by 3?
0
Suppose -26 = -5*p - 3*w, -w + 1 = p + w. Calculate the remainder when 957 is divided by p.
5
Calculate the remainder when 291 is divided by 24/3 - (-7 + -52).
23
Let t(p) = -p**2 + 17*p - 31. Calculate the remainder when 397 is divided by t(4).
19
Suppose -7 = -2*m - 3. What is the remainder when 14 is divided by 9 + (m - 2) + -4?
4
Suppose -8*w - 4*k = -7*w - 21, -k = 5*w - 162. What is the remainder when 128 is divided by w?
29
Let c(o) = -3*o**3 - 8*o**2 + 13*o + 5. Calculate the remainder when c(-5) is divided by 35.
10
Let r be (-184 - (-4 + 5))*(-1 - -2). Let d = r - -261. What is the remainder when d is divided by 27?
22
Suppose 2*a + 5*q - 143 = 0, -5*a - 2*q + 7*q = -270. Calculate the remainder when a is divided by 15.
14
Suppose -149 = -9*g + 4*g + 2*q, 0 = g + q - 27. What is the remainder when 130 is divided by g?
14
Suppose -u + 13 = 5*d, -4*u - 10*d + 8*d + 16 = 0. What is the remainder when 125 is divided by u?
2
Suppose 2 = 4*c - 5*c. Let r be (2*c)/(6/(-3)). Suppose 4*t - 5*m = 8, 2*t = -r*t - 5*m + 48. What is the remainder when 25 is divided by t?
4
Let x(l) = 4*l - 30. Let m be x(12). Suppose -m = -b - 9. Calculate the remainder when b is divided by 3.
0
Let r = 21569 + -21506. Calculate the remainder when r is divided by ((-3)/(-2))/(3/66).
30
Suppose -2*o - 4 = 4*b + 4, -o = 3*b + 5. Let f be 0 - (-4 + (5 - o)). Calculate the remainder when f/12 + 362/8 is divided by 12.
9
Let l = -10 + 26. Let h = l - 7. What is the remainder when 34 is divided by h?
7
Let x(y) = 15*y + 2. Let a(t) = t - 4. Let b be a(11). Let s be x(b). Let h = s - 74. Calculate the remainder when 63 is divided by h.
30
Suppose -u + 18 = z, -4*z + 58 = 3*u - 2*z. Suppose 31*t - 33*t + u = 0. What is the remainder when t is divided by 3?
2
Let r = -46 + 63. Calculate the remainder when 152 is divided by r.
16
Suppose -4*k = -7*k + 405. Let b = k - 85. Suppose 6 = 7*s - b. Calculate the remainder when 21 is divided by s.
5
Suppose j - 4*o = 10, 5*j - 14 = 3*o - o. Suppose 2*a + j*a - 124 = 0. What is the remainder when 90 is divided by a?
28
Let z = -606 - -625. What is the remainder when 71 is divided by z?
14
Let i(d) = 359*d**3 - d**2 + 6*d - 4. What is the remainder when i(1) is divided by 94?
78
Let n be (-338)/(-91) - 2/(-7). Let c be -2 + n + 10 + -3. Suppose -c = -2*s - s. What is the remainder when s is divided by 1?
0
Calculate the remainder when 58 is divided by 42/12*(-1536)/(-112).
10
Let a(w) = w**2. Let c(u) = 4*u**2 - 2*u - 2. Let h(o) = 3*a(o) + c(o). Let v = 45 + -43. What is the remainder when h(v) is divided by 12?
10
Let p(o) = 11*o**2 - 24*o - 3. Calculate the remainder when 305 is divided by p(4).
74
Suppose -i - 3*i + 7 = -3*l, -3*l = -i - 5. Suppose 133 = 4*r + l*j, 4*r - 22 = j + 131. Calculate the remainder when 110 is divided by r.
36
Calculate the remainder when (-2 - (-57 + 1)) + (-7 - -4) is divided by 21 - 0 - (-9)/(-3).
15
Let w(k) = k**3 + 19*k**2 + 15*k - 25. Let a = 281 - 138. Calculate the remainder when a is divided by w(-18).
27
Let m = 580 - 542. Calculate the remainder when m is divided by 16.
6
Suppose -4*l - 2*l + 1008 = 0. Calculate the remainder when 55 is divided by (-2)/6 + l/18 + 6.
10
Calculate the remainder when 26 is divided by 500/40 + (-36)/8.
2
Let v = -5 + 8. Suppose -427 = -4*l - v*l. Calculate the remainder when l is divided by 31.
30
Suppose 3*r + 80 = 3*n - 4, 3*n + 3*r = 96. Suppose -4*l + a = 5*a - 68, 0 = -2*l + 2*a + n. Let t = 47 + -20. Calculate the remainder when t is divided by l.
11
Let q(u) = -u**3 + 5*u**2 + 7*u + 2. Let y be q(6). Suppose -24 = -y*n + 7*n. What is the remainder when 45 is divided by n?
21
Let u = 0 + 16. Suppose 2*i - 5*n = 7*i - 225, 4*n = 5*i - 216. What is the remainder when i is divided by u?
12
Let t(h) = h**2 - h + 48. Let r(g) = -g**3 - 8*g**2 + 7*g - 11. Let q be r(-9). Let p(i) = i + 3. Calculate the remainder when t(0) is divided by p(q).
8
Let g(h) be the second derivative of 2*h**4/3 - 5*h. Let z be g(3). Suppose -b = -p + 22 - 4, -4*p + z = -3*b. What is the remainder when p is divided by 10?
8
Suppose d = 3*v + 339, -4*d + 553 + 753 = -2*v. Calculate the remainder when d is divided by 65.
64
Let r(i) = -i**2 + 8*i + 5. Let f be r(8). Suppose 0 = f*m + 9 - 14. Suppose -2*h = h + 12, -4*h - 19 = -3*s. What is the remainder when s is divided by m?
0
Suppose 2*z = -3*r + 3*z + 12, -4*z = 3*r + 3. Let l be (-4 + 3)*-2 + 2 + -6. What is the remainder when r is divided by (30/20)/(l/(-4))?
0
Let j(h) = -4*h - 2. What is the remainder when j(-3) is divided by (2*(-2)/(-3))/(14/21)?
0
Let r(n) = -5*n**3 + 6*n + 21. Let d(c) = -c**3 + c - 1. Let s(m) = -6*d(m) + r(m). What is the remainder when s(0) is divided by 6?
3
Let x(m) = -11*m - 187. What is the remainder when x(-28) is divided by 16?
9
Let v = 649 + -611. What is the remainder when 377 is divided by v?
35
Let y = 1278 + -1250. Let x(w) = w**2 + w. Calculate the remainder when y is divided by x(2).
4
Suppose 2*u = 89 + 59. Let n = 550 - 537. Calculate the remainder when u is divided by n.
9
Suppose -11*n = -638 - 3168. What is the remainder when n is divided by 29?
27
Suppose 10*a = 13 + 197. Calculate the remainder when 418 is divided by a.
19
Suppose 0 = -8*i + 6*i + 2. What is the remainder when -19*i/(1/(-3)) is divided by 20?
17
Suppose 3*m - 4*z = 170, -3*z - 178 = -5*m + 120. Suppose -24*r + m = -23*r. What is the remainder when r is divided by 16?
14
Let l be (-4)/2 + -3 - -2 - -2. Calculate the remainder when ((-1)/l)/((-17)/(-731)) is divided by 15.
13
Let a = -115 - -33. Let q = 175 + a. Calculate the remainder when (-7 - -5)/((-6)/q) is divided by 11.
9
Let n(o) = o**2 + 8*o + 12. What is the remainder when 18 is